{"id":85,"date":"2025-09-18T22:35:54","date_gmt":"2025-09-18T22:35:54","guid":{"rendered":"https:\/\/demo.efectovisual.com\/nosotros\/"},"modified":"2025-10-03T16:41:42","modified_gmt":"2025-10-03T16:41:42","slug":"nosotros","status":"publish","type":"page","link":"https:\/\/infonit.com.mx\/site\/nosotros\/","title":{"rendered":"Nosotros"},"content":{"rendered":"\n    \n    <section class=\"u-clearfix u-section-2\" id=\"block-10\">\n      <div class=\"u-clearfix u-image u-preserve-proportions u-sheet u-valign-top-lg u-valign-top-sm lazyload u-image-1\" data-image-width=\"2280\" data-image-height=\"834\" data-bg=\"url(&quot;https:\/\/infonit.com.mx\/site\/wp-content\/uploads\/2025\/09\/B5.jpg&quot;)\"><\/div>\n    <\/section>\n    <section class=\"u-clearfix u-section-3\" id=\"block-8\">\n      <div class=\"u-clearfix u-sheet u-valign-middle-lg u-valign-middle-md u-valign-middle-sm u-valign-middle-xs u-sheet-1\">\n        <h1 class=\"u-text u-text-1\">Tu Socio Estrat\u00e9gico en Inteligencia de Negocio<\/h1>\n        <p class=\"u-custom-font u-font-montserrat u-text u-text-2\">En <span style=\"font-weight: 700;\">Infonit<\/span>, somos m\u00e1s que una empresa de Tecnolog\u00edas de la Informaci\u00f3n; somos tus aliados en la transformaci\u00f3n digital. Fundada en 2005, hemos dedicado m\u00e1s de <span style=\"font-weight: 700;\">20 a\u00f1os<\/span> a potenciar el crecimiento de empresas como la tuya, especializ\u00e1ndonos en el dise\u00f1o e implementaci\u00f3n de soluciones de Inteligencia de Negocio (BI) de vanguardia. \n        <\/p>\n        <p class=\"u-custom-font u-font-montserrat u-text u-text-default u-text-3\">Nuestra <span style=\"font-weight: 700;\">misi\u00f3n <\/span>es clara: proveer sistemas que impulsen la <span style=\"font-weight: 700;\">toma de decisiones estrat\u00e9gicas<\/span>. Entendemos que en el din\u00e1mico mundo actual, el acceso a informaci\u00f3n precisa y oportuna es la clave para el \u00e9xito.&nbsp;<br>\n          <br>Por eso, nuestro equipo de expertos certificados en las principales tecnolog\u00edas de BI trabaja incansablemente para ofrecerte dashboards interactivos, an\u00e1lisis profundos y estrategias personalizadas que te permitir\u00e1n optimizar tu organizaci\u00f3n, incrementar tus ventas y reducir tus riesgos \n        <\/p>\n      <\/div>\n    <\/section>\n    <section class=\"u-clearfix u-shading u-section-4\" id=\"block-9\">\n      <div class=\"u-clearfix u-sheet u-valign-top-lg u-valign-top-sm u-valign-top-xs u-sheet-1\">\n        <div class=\"data-layout-selected u-clearfix u-expanded-width u-layout-wrap u-layout-wrap-1\">\n          <div class=\"u-layout\">\n            <div class=\"u-layout-row\">\n              <div class=\"u-container-style u-layout-cell u-size-30 u-layout-cell-1\">\n                <div class=\"u-container-layout u-container-layout-1\">\n                  <h2 class=\"u-text u-text-1\">\u00bfPor qu\u00e9 elegir Infonit?<\/h2>\n                  <ul class=\"u-text u-text-2\">\n                    <li><span style=\"font-weight: 700;\">Experiencia Comprobada:<\/span><span style=\"font-weight: 500;\">Desde 2005, hemos ayudado a incontables empresas a crecer con datos.&nbsp;<\/span>\n                    <\/li>\n                    <li><span style=\"font-weight: 700;\">Talento Certificado:<\/span><span style=\"font-weight: 600;\">Nuestro equipo cuenta con certificaciones en las tecnolog\u00edas de BI m\u00e1s relevantes del mercado.&nbsp;<\/span>\n                    <\/li>\n                    <li><span style=\"font-weight: 700;\">Resultados Tangibles:<\/span><span style=\"font-weight: 500;\">Hemos generado un impacto medible y positivo en empresas de diversos sectores, demostrando el poder de la informaci\u00f3n bien utilizada.<\/span>\n                    <\/li>\n                  <\/ul>\n                  <a href=\"https:\/\/infonit.com.mx\/site\/contacto\/\" class=\"u-border-2 u-border-active-white u-border-hover-grey-5 u-border-white u-btn u-button-style u-hover-palette-1-dark-1 u-palette-1-base u-btn-1\">Consulta a nuestros especialistas<\/a>\n                <\/div>\n              <\/div>\n              <div class=\"u-container-style u-image u-layout-cell u-size-30 lazyload u-image-1\" data-image-width=\"550\" data-image-height=\"550\" data-animation-name=\"customAnimationIn\" data-animation-duration=\"1000\" data-animation-delay=\"0\" data-bg=\"url(&quot;https:\/\/infonit.com.mx\/site\/wp-content\/uploads\/2025\/09\/B14.jpg&quot;)\">\n                <div class=\"u-container-layout u-container-layout-2\"><\/div>\n              <\/div>\n            <\/div>\n          <\/div>\n        <\/div>\n      <\/div>\n    <\/section>\n    <section class=\"u-clearfix u-palette-1-base u-section-5\" id=\"block-11\">\n      <div class=\"u-clearfix u-sheet u-valign-middle u-sheet-1\">\n        <p class=\"u-align-center u-text u-text-default u-text-1\" data-animation-name=\"customAnimationIn\" data-animation-duration=\"1000\" data-animation-delay=\"0\">En Infonit, tu \u00e9xito es nuestro proyecto. Perm\u00edtenos ser el motor que impulse tu negocio hacia el futuro. <\/p>\n      <\/div>\n    <\/section>\n    \n    \n    \n  \n","protected":false},"excerpt":{"rendered":"<p>Tu Socio Estrat\u00e9gico en Inteligencia de Negocio En Infonit, somos m\u00e1s que una empresa de Tecnolog\u00edas de la Informaci\u00f3n; somos tus aliados en la transformaci\u00f3n digital. Fundada en 2005, hemos dedicado m\u00e1s de 20 a\u00f1os a potenciar el crecimiento de empresas como la tuya, especializ\u00e1ndonos en el dise\u00f1o e implementaci\u00f3n de soluciones de Inteligencia de &hellip; <a href=\"https:\/\/infonit.com.mx\/site\/nosotros\/\" class=\"more-link\">Continue reading<span class=\"screen-reader-text\"> \u00abNosotros\u00bb<\/span><\/a><\/p>\n","protected":false},"author":1,"featured_media":0,"parent":0,"menu_order":9,"comment_status":"closed","ping_status":"closed","template":"","meta":{"footnotes":""},"class_list":["post-85","page","type-page","status-publish","hentry"],"_links":{"self":[{"href":"https:\/\/infonit.com.mx\/site\/wp-json\/wp\/v2\/pages\/85","targetHints":{"allow":["GET"]}}],"collection":[{"href":"https:\/\/infonit.com.mx\/site\/wp-json\/wp\/v2\/pages"}],"about":[{"href":"https:\/\/infonit.com.mx\/site\/wp-json\/wp\/v2\/types\/page"}],"author":[{"embeddable":true,"href":"https:\/\/infonit.com.mx\/site\/wp-json\/wp\/v2\/users\/1"}],"replies":[{"embeddable":true,"href":"https:\/\/infonit.com.mx\/site\/wp-json\/wp\/v2\/comments?post=85"}],"version-history":[{"count":4,"href":"https:\/\/infonit.com.mx\/site\/wp-json\/wp\/v2\/pages\/85\/revisions"}],"predecessor-version":[{"id":360,"href":"https:\/\/infonit.com.mx\/site\/wp-json\/wp\/v2\/pages\/85\/revisions\/360"}],"wp:attachment":[{"href":"https:\/\/infonit.com.mx\/site\/wp-json\/wp\/v2\/media?parent=85"}],"curies":[{"name":"wp","href":"https:\/\/api.w.org\/{rel}","templated":true}]}}